{"id":11,"date":"2014-01-27T11:39:08","date_gmt":"2014-01-27T11:39:08","guid":{"rendered":"http:\/\/facilitamos.catedu.es\/educacionpermanente\/?page_id=11"},"modified":"2014-10-30T12:51:52","modified_gmt":"2014-10-30T12:51:52","slug":"unidades-didacticas","status":"publish","type":"page","link":"https:\/\/facilitamos.catedu.es\/educacionpermanente\/","title":{"rendered":"Unidades Did\u00e1cticas"},"content":{"rendered":"<p><span style=\"color: #222222\"><strong>Ense\u00f1anzas de Promoci\u00f3n y Extensi\u00f3n Educativa<\/strong>\u00a0<\/span><\/p>\n<p><i style=\"color: #222222\">Animaci\u00f3n a la lectura<\/i><\/p>\n<p><em>Colaboradora:<strong>\u00a0Gisela Lorenzo Salces<\/strong><\/em><\/p>\n<p>Unidad 1. \u00a0<a href=\"https:\/\/facilitamos.catedu.es\/educacionpermanente\/?p=44\" target=\"_blank\">Trascendencia de la lectura en el proceso de aprendizaje a lo largo de la vida<\/a>.<\/p>\n<p>Unidad 2. \u00a0<a href=\"https:\/\/facilitamos.catedu.es\/educacionpermanente\/?p=45\" target=\"_blank\">Los g\u00e9neros literarios<\/a>.<\/p>\n<p>Unidad 3. \u00a0<a href=\"https:\/\/facilitamos.catedu.es\/educacionpermanente\/?p=46\" target=\"_blank\">Modalidades textuales<\/a><\/p>\n<p>Unidad 4. \u00a0<a href=\"https:\/\/facilitamos.catedu.es\/educacionpermanente\/?p=49\" target=\"_blank\">El lenguaje period\u00edstico<\/a>.<\/p>\n<p>Unidad 5. \u00a0<a href=\"https:\/\/facilitamos.catedu.es\/educacionpermanente\/?p=50\" target=\"_blank\">Los premios literarios m\u00e1s importantes<\/a><\/p>\n<p>Unidad 6. \u00a0<a href=\"https:\/\/facilitamos.catedu.es\/educacionpermanente\/?p=51\" target=\"_blank\">La distribuci\u00f3n y el orden en una biblioteca<\/a><\/p>\n<p>Unidad 7. \u00a0<a href=\"https:\/\/facilitamos.catedu.es\/educacionpermanente\/?p=53\" target=\"_blank\">Elementos que forman parte de un libro<\/a><\/p>\n<p>Unidad 8. \u00a0<a href=\"https:\/\/facilitamos.catedu.es\/educacionpermanente\/?p=54\" target=\"_blank\">Elaboraci\u00f3n de rese\u00f1as bibliogr\u00e1ficas<\/a><\/p>\n<p>Unidad 9. \u00a0<a href=\"https:\/\/facilitamos.catedu.es\/educacionpermanente\/?p=55\" target=\"_blank\">Pautas para la lectura, comentario y debate de libros propuestos<\/a><\/p>\n<p>Unidad 10.\u00a0<a href=\"https:\/\/facilitamos.catedu.es\/educacionpermanente\/?p=56\" target=\"_blank\">Participaci\u00f3n en encuentros con autores y\/o recitales y\/o visionado de obras de teatro y pel\u00edculas relacionadas con el mundo de los libros<\/a><\/p>\n","protected":false},"excerpt":{"rendered":"<p>Ense\u00f1anzas de Promoci\u00f3n y Extensi\u00f3n Educativa\u00a0 Animaci\u00f3n a la lectura Colaboradora:\u00a0Gisela Lorenzo Salces Unidad 1. \u00a0Trascendencia de la lectura en el proceso de aprendizaje a lo largo de la vida. Unidad 2. \u00a0Los g\u00e9neros literarios. Unidad 3. \u00a0Modalidades textuales Unidad &hellip;<\/p>\n<p class=\"read-more\"> <a class=\"more-link\" href=\"https:\/\/facilitamos.catedu.es\/educacionpermanente\/\"> <span class=\"screen-reader-text\">Unidades Did\u00e1cticas<\/span> Leer m\u00e1s \u00bb<\/a><\/p>\n","protected":false},"author":1,"featured_media":0,"parent":0,"menu_order":0,"comment_status":"open","ping_status":"open","template":"","meta":{"_monsterinsights_skip_tracking":false,"_monsterinsights_sitenote_active":false,"_monsterinsights_sitenote_note":"","_monsterinsights_sitenote_category":0,"footnotes":""},"class_list":["post-11","page","type-page","status-publish","hentry"],"_links":{"self":[{"href":"https:\/\/facilitamos.catedu.es\/educacionpermanente\/wp-json\/wp\/v2\/pages\/11","targetHints":{"allow":["GET"]}}],"collection":[{"href":"https:\/\/facilitamos.catedu.es\/educacionpermanente\/wp-json\/wp\/v2\/pages"}],"about":[{"href":"https:\/\/facilitamos.catedu.es\/educacionpermanente\/wp-json\/wp\/v2\/types\/page"}],"author":[{"embeddable":true,"href":"https:\/\/facilitamos.catedu.es\/educacionpermanente\/wp-json\/wp\/v2\/users\/1"}],"replies":[{"embeddable":true,"href":"https:\/\/facilitamos.catedu.es\/educacionpermanente\/wp-json\/wp\/v2\/comments?post=11"}],"version-history":[{"count":10,"href":"https:\/\/facilitamos.catedu.es\/educacionpermanente\/wp-json\/wp\/v2\/pages\/11\/revisions"}],"predecessor-version":[{"id":129,"href":"https:\/\/facilitamos.catedu.es\/educacionpermanente\/wp-json\/wp\/v2\/pages\/11\/revisions\/129"}],"wp:attachment":[{"href":"https:\/\/facilitamos.catedu.es\/educacionpermanente\/wp-json\/wp\/v2\/media?parent=11"}],"curies":[{"name":"wp","href":"https:\/\/api.w.org\/{rel}","templated":true}]}}