{"id":11,"date":"2014-01-27T10:52:56","date_gmt":"2014-01-27T10:52:56","guid":{"rendered":"http:\/\/facilitamos.catedu.es\/primariacomunesprimerciclo\/?page_id=11"},"modified":"2014-10-30T12:20:10","modified_gmt":"2014-10-30T12:20:10","slug":"unidades-didacticas","status":"publish","type":"page","link":"https:\/\/facilitamos.catedu.es\/primariacomunesprimerciclo\/","title":{"rendered":"Unidades Did\u00e1cticas"},"content":{"rendered":"<p style=\"text-align: justify\" align=\"center\"><em>Colaborador:<strong>\u00a0Javier Prado P\u00e9rez<\/strong><\/em><\/p>\n<p style=\"text-align: justify\" align=\"center\">Existe un planeta llamado<span style=\"color: #800080\"> \u201c<strong>Saber<\/strong>\u201d<\/span>. Un planeta lleno de vida, magia y fantas\u00eda, donde los humanos, inventores por naturaleza, han creado a una robot llamada <strong><span style=\"color: #ff6600\">NayMA<\/span>,<\/strong> que tienen como objetivo ense\u00f1ar lo que nos rodea. Para ello contar\u00e1 con<span style=\"color: #339966\"> <strong>CIENCIAMAN<\/strong><\/span>, <span style=\"color: #ff0000\"><strong>LECTOWOMAN<\/strong><\/span> y <span style=\"color: #0000ff\"><strong>NUMBERMAN<\/strong><\/span>, h\u00e9roes pertenecientes a la patrulla <span style=\"color: #993366\"><strong>\u201cAPRENDER\u201d<\/strong><\/span> cuya\u00a0 misi\u00f3n es ir descubriendo ante nuestros ojos el maravilloso y fascinante mundo del Saber. Ad\u00e9ntrate en sus aventuras y aprende con de ellos.<\/p>\n<p align=\"center\"><span style=\"color: #339966\"><strong><span style=\"text-decoration: underline\">CIENCIAMAN<\/span><\/strong><\/span><\/p>\n<p style=\"text-align: justify\">Habita en todas partes y aunque sea corpulento tienen mayor agilidad y destreza en sus movimientos que muchos humanos. Se suele mover con gracia y delicadeza, y de un modo tan sutil y silencioso que a veces es imperceptible su presencia. Este hecho le permite ense\u00f1arnos todo lo que queremos saber de nuestro entorno m\u00e1s cercano y del m\u00e1s all\u00e1.<\/p>\n<p align=\"center\"><span style=\"color: #ff6600\"><strong><span style=\"text-decoration: underline\">LECTOWOMAN<\/span><\/strong><\/span><\/p>\n<p style=\"text-align: justify\">Es gran conocedora de las letras y se suele refugiar en los libros. Le encanta hablar y comunicarse y tiene habilidad de crear reglas para las s\u00edlabas y palabras. Tiene el poder de la sabidur\u00eda.<\/p>\n<p align=\"center\"><span style=\"color: #0000ff\"><strong><span style=\"text-decoration: underline\">NUMBERMAN<\/span><\/strong><\/span><\/p>\n<p style=\"text-align: justify\">El poder de los n\u00fameros se encuentran en su coraza, en donde observamos que el n\u00famero 4 cobra importancia ya que es el n\u00famero de los Elementos Naturales \u201c Fuego, Agua, Aire y Tierra \u201c,\u00a0 que son los elementos que dieron origen a la Vida de los seres vivos.\u00a0N\u00fameros ,operaciones, figuras\u2026.no tienen ning\u00fan secreto y el nos lo demostrar\u00e1.<\/p>\n<p>\u00a0<a href=\"http:\/\/facilitamos.catedu.es\/primariacomunesprimerciclo\/wp-content\/uploads\/sites\/7\/2014\/01\/todoplaneta.jpg\"><img loading=\"lazy\" decoding=\"async\" class=\"size-medium wp-image-214 aligncenter\" src=\"http:\/\/facilitamos.catedu.es\/primariacomunesprimerciclo\/wp-content\/uploads\/sites\/7\/2014\/01\/todoplaneta-290x300.jpg\" alt=\"todoplaneta\" width=\"290\" height=\"300\" srcset=\"https:\/\/facilitamos.catedu.es\/primariacomunesprimerciclo\/wp-content\/uploads\/sites\/7\/2014\/01\/todoplaneta-290x300.jpg 290w, https:\/\/facilitamos.catedu.es\/primariacomunesprimerciclo\/wp-content\/uploads\/sites\/7\/2014\/01\/todoplaneta-100x103.jpg 100w, https:\/\/facilitamos.catedu.es\/primariacomunesprimerciclo\/wp-content\/uploads\/sites\/7\/2014\/01\/todoplaneta-150x155.jpg 150w, https:\/\/facilitamos.catedu.es\/primariacomunesprimerciclo\/wp-content\/uploads\/sites\/7\/2014\/01\/todoplaneta-200x206.jpg 200w, https:\/\/facilitamos.catedu.es\/primariacomunesprimerciclo\/wp-content\/uploads\/sites\/7\/2014\/01\/todoplaneta-300x310.jpg 300w, https:\/\/facilitamos.catedu.es\/primariacomunesprimerciclo\/wp-content\/uploads\/sites\/7\/2014\/01\/todoplaneta-450x465.jpg 450w, https:\/\/facilitamos.catedu.es\/primariacomunesprimerciclo\/wp-content\/uploads\/sites\/7\/2014\/01\/todoplaneta-600x620.jpg 600w, https:\/\/facilitamos.catedu.es\/primariacomunesprimerciclo\/wp-content\/uploads\/sites\/7\/2014\/01\/todoplaneta.jpg 610w\" sizes=\"auto, (max-width: 290px) 100vw, 290px\" \/><\/a><\/p>\n<p><strong>UNIDADES DID\u00c1CTICAS:<\/strong><\/p>\n<p><strong><span style=\"color: #003366\">\u00a0PRIMER TRIMESTRE<\/span><\/strong><\/p>\n<p><strong>UD1-<a href=\"http:\/\/facilitamos.catedu.es\/primariacomunesprimerciclo\/?p=88\" target=\"_blank\">El poder de la escuela.El saber no tiene fin<\/a><\/strong><\/p>\n<p>Al ser el comienzo del curso es vital potenciar la importancia del conocimiento en nuestro desarrollo y la escuela junto con la familia tiene ese poder, adem\u00e1s los personajes nos presentar\u00e1n el planeta saber y nos dar\u00e1n a conocer sus m\u00faltiples posibilidades.<\/p>\n<p><strong>UD2-<a href=\"http:\/\/facilitamos.catedu.es\/primariacomunesprimerciclo\/?p=62\" target=\"_blank\">Viajamos por mi cuerpo.Somos iguales,somos diferentes<\/a><\/strong><\/p>\n<p>Con el fin de conocer nuestras propias posibilidades y limitaciones .Qu\u00e9 mejor manera que ser conocedores de nuestro propio cuerpo para sacar el m\u00e1ximo partido y comprobar que somos iguales pero a la vez diferentes.<\/p>\n<p><strong>UD3-<a href=\"http:\/\/facilitamos.catedu.es\/primariacomunesprimerciclo\/?p=93\" target=\"_blank\">Que bello es vivir.La salud es lo que importa<\/a><\/strong><\/p>\n<p>Para ir creando desde el principio aquellos h\u00e1bitos dehigiene b\u00e1sicos para el desarrollo integral de la persona. Debemos mantenernos en forma.<\/p>\n<p><strong>UD4-<a href=\"http:\/\/facilitamos.catedu.es\/primariacomunesprimerciclo\/?p=94\" target=\"_blank\">Comilandia.El pa\u00eds del buen comer<\/a><\/strong><\/p>\n<p>Una buena alimentaci\u00f3n es la base de de una buena salud. Debemos alimentarnos bien para tener mejor calidad de vida.<\/p>\n<p><strong>UD5-<a href=\"http:\/\/facilitamos.catedu.es\/primariacomunesprimerciclo\/?p=99\" target=\"_blank\">Aventuras de la familia fant\u00e1stica<\/a><\/strong><\/p>\n<p>Todos tenemos una familia y esta es fant\u00e1stica, debemos aprovechar que en esta \u00e9poca debido a la climatolog\u00eda y duraci\u00f3n de la luz solar pasamos m\u00e1s tiempo en casa, por ello es ideal para conocerla con profundidad.<strong>\u00a0<\/strong><strong>\u00a0<\/strong><\/p>\n<p><span style=\"color: #003366\"><strong>SEGUNDO TRIMESTRE<\/strong><\/span><\/p>\n<p><strong>UD6-<a href=\"http:\/\/facilitamos.catedu.es\/primariacomunesprimerciclo\/?p=100\" target=\"_blank\">\u00a1Manos a la obra!<\/a><\/strong><\/p>\n<p>Despu\u00e9s de los excesos navide\u00f1os relacionados con regalos y juguetes, que mejor manera que descubrir todo aquello relacionado con el mundo de la invenci\u00f3n, construcci\u00f3n e imaginaci\u00f3n.<\/p>\n<p><strong>UD7-<a href=\"http:\/\/facilitamos.catedu.es\/primariacomunesprimerciclo\/?p=104\" target=\"_blank\">Salvemos el planeta.\u00a1A trabajar!<\/a><\/strong><\/p>\n<p>Veremos diferentes trabajos y comprobaremos que con voluntad y esfuerzo podemos entre todos sea cual sea nuestra labor cumplir con nuestros obligaciones pero sin olvidar nuestros derechos tendremos un mundo mejor.<strong>\u00a0<\/strong><\/p>\n<p><strong>UD8-<a href=\"http:\/\/facilitamos.catedu.es\/primariacomunesprimerciclo\/?p=107\" target=\"_blank\">Moviendo monta\u00f1as.\u00a1Querer es poder!<\/a><\/strong><\/p>\n<p>Continuamos en nuestro intento de mejorar nuestro mundo, conservando nuestro paisaje y para ello el reciclaje tiene mucho peso<strong>.<\/strong><strong>\u00a0<\/strong><\/p>\n<p><strong>UD9-<a href=\"http:\/\/facilitamos.catedu.es\/primariacomunesprimerciclo\/?p=113\" target=\"_blank\">Agua para todos.Todos por el agua<\/a><\/strong><\/p>\n<p>Estaremos en tiempo de lluvias y sacaremos el m\u00e1ximo partido de los beneficios del oro blanco.<\/p>\n<p><strong>UD10-<a href=\"http:\/\/facilitamos.catedu.es\/primariacomunesprimerciclo\/?p=114\" target=\"_blank\">TerraSol; un mundo de sensaciones<\/a><\/strong><\/p>\n<p>Estamos terminando el invierno y pronto la luz ser\u00e1 m\u00e1s intensa, veremos los beneficios del sistema solar<strong>\u00a0<\/strong><\/p>\n<p><span style=\"color: #003366\"><strong>\u00a0TERCER TRIMESTRE<\/strong><\/span><\/p>\n<p><strong>UD11-<a href=\"http:\/\/facilitamos.catedu.es\/primariacomunesprimerciclo\/?p=119\" target=\"_blank\">Naturaleza viva.La fuerza de las plantas<\/a><\/strong><\/p>\n<p>Empieza la primavera y la naturaleza est\u00e1 en su m\u00e1ximo esplendor, disfrutemos de ella, \u00e9poca ideal para realizar salidas<\/p>\n<p><strong>UD12-<a href=\"http:\/\/facilitamos.catedu.es\/primariacomunesprimerciclo\/?p=122\" target=\"_blank\">Mund@nimal.Un reino por descubrir<\/a><\/strong><\/p>\n<p>Vivimos rodeados de animales. Respeta y te respetar\u00e1n. Para ello debemos conocerlos con profundidad.<strong>\u00a0<\/strong><\/p>\n<p><strong>UD13-<a href=\"http:\/\/facilitamos.catedu.es\/primariacomunesprimerciclo\/?p=125\" target=\"_blank\">Patrullando el barrio.El poder de mis pasos<\/a><\/strong><\/p>\n<p>El buen tiempo hace que estemos m\u00e1s tiempo fuera de casa, es hora de conocer con profundidad lo que me rodea<\/p>\n<p><strong>UD14-<a href=\"http:\/\/facilitamos.catedu.es\/primariacomunesprimerciclo\/?p=126\" target=\"_blank\">Aquellos maravillosos a\u00f1os<\/a><\/strong><\/p>\n<p>Van pasando lo a\u00f1os, nos vamos haciendo mayores, ha habido un antes y habr\u00e1 un despu\u00e9s. La vida est\u00e1 llena de costumbres, historias y recuerdos.<\/p>\n<p><strong>UD15-<a href=\"http:\/\/facilitamos.catedu.es\/primariacomunesprimerciclo\/?p=132\" target=\"_blank\">Tiempo de aventuras. Es la hora de cambios<\/a><\/strong><\/p>\n<p>Se va acabando el curso y es hora de aprovechar y disfrutar de todo lo que hemos aprendido y nos falta por aprender. El tiempo libre es ideal para llevar a cabo mis propias aventuras. Comunicarnos entre nosotros hace que disfrutemos y aprendamos.<\/p>\n","protected":false},"excerpt":{"rendered":"<p>Colaborador:\u00a0Javier Prado P\u00e9rez Existe un planeta llamado \u201cSaber\u201d. Un planeta lleno de vida, magia y fantas\u00eda, donde los humanos, inventores por naturaleza, han creado a una robot llamada NayMA, que tienen como objetivo ense\u00f1ar lo que nos rodea. Para ello &hellip;<\/p>\n<p class=\"read-more\"> <a class=\"more-link\" href=\"https:\/\/facilitamos.catedu.es\/primariacomunesprimerciclo\/\"> <span class=\"screen-reader-text\">Unidades Did\u00e1cticas<\/span> Leer m\u00e1s \u00bb<\/a><\/p>\n","protected":false},"author":1,"featured_media":0,"parent":0,"menu_order":0,"comment_status":"open","ping_status":"open","template":"","meta":{"_monsterinsights_skip_tracking":false,"_monsterinsights_sitenote_active":false,"_monsterinsights_sitenote_note":"","_monsterinsights_sitenote_category":0,"footnotes":""},"class_list":["post-11","page","type-page","status-publish","hentry"],"_links":{"self":[{"href":"https:\/\/facilitamos.catedu.es\/primariacomunesprimerciclo\/wp-json\/wp\/v2\/pages\/11","targetHints":{"allow":["GET"]}}],"collection":[{"href":"https:\/\/facilitamos.catedu.es\/primariacomunesprimerciclo\/wp-json\/wp\/v2\/pages"}],"about":[{"href":"https:\/\/facilitamos.catedu.es\/primariacomunesprimerciclo\/wp-json\/wp\/v2\/types\/page"}],"author":[{"embeddable":true,"href":"https:\/\/facilitamos.catedu.es\/primariacomunesprimerciclo\/wp-json\/wp\/v2\/users\/1"}],"replies":[{"embeddable":true,"href":"https:\/\/facilitamos.catedu.es\/primariacomunesprimerciclo\/wp-json\/wp\/v2\/comments?post=11"}],"version-history":[{"count":12,"href":"https:\/\/facilitamos.catedu.es\/primariacomunesprimerciclo\/wp-json\/wp\/v2\/pages\/11\/revisions"}],"predecessor-version":[{"id":216,"href":"https:\/\/facilitamos.catedu.es\/primariacomunesprimerciclo\/wp-json\/wp\/v2\/pages\/11\/revisions\/216"}],"wp:attachment":[{"href":"https:\/\/facilitamos.catedu.es\/primariacomunesprimerciclo\/wp-json\/wp\/v2\/media?parent=11"}],"curies":[{"name":"wp","href":"https:\/\/api.w.org\/{rel}","templated":true}]}}