{"id":10,"date":"2014-01-27T10:53:14","date_gmt":"2014-01-27T10:53:14","guid":{"rendered":"http:\/\/facilitamos.catedu.es\/secundariafrances\/?page_id=10"},"modified":"2014-10-30T12:34:48","modified_gmt":"2014-10-30T12:34:48","slug":"unidades-didacticas","status":"publish","type":"page","link":"https:\/\/facilitamos.catedu.es\/secundariafrances\/","title":{"rendered":"Unidades Did\u00e1cticas"},"content":{"rendered":"<p><strong>4\u00ba ESO<\/strong><\/p>\n<p><em>Colaborador:<strong>\u00a0Pedro Ignacio Castillo Rivera<\/strong><\/em><\/p>\n<ol>\n<li><a href=\"https:\/\/facilitamos.catedu.es\/secundariafrances\/?p=46\" target=\"_blank\">Qu\u00e9bec, la belle province<\/a><\/li>\n<li><a href=\"https:\/\/facilitamos.catedu.es\/secundariafrances\/?p=66\" target=\"_blank\">Nos anc\u00eatres les Gaulois<\/a><\/li>\n<li><a href=\"https:\/\/facilitamos.catedu.es\/secundariafrances\/?p=112\" target=\"_blank\">Un pi\u00e8ge dangereux<\/a><\/li>\n<li><a href=\"https:\/\/facilitamos.catedu.es\/secundariafrances\/?p=83\" target=\"_blank\">Quelle Tribu!<\/a><\/li>\n<li><a href=\"https:\/\/facilitamos.catedu.es\/secundariafrances\/?p=121\" target=\"_blank\">Imaginons\u00a0l\u00b4avenir<\/a><\/li>\n<li><a href=\"https:\/\/facilitamos.catedu.es\/secundariafrances\/?p=105\" target=\"_blank\">Toucher du Bois<\/a><\/li>\n<li><a href=\"https:\/\/facilitamos.catedu.es\/secundariafrances\/?p=101\" target=\"_blank\">Voyage, voyage<\/a><\/li>\n<li><a href=\"https:\/\/facilitamos.catedu.es\/secundariafrances\/?p=82\" target=\"_blank\">La Toile<\/a><\/li>\n<li><a href=\"https:\/\/facilitamos.catedu.es\/secundariafrances\/?p=137\" target=\"_blank\">Mes Meilleurs Amis<\/a><\/li>\n<li><a href=\"https:\/\/facilitamos.catedu.es\/secundariafrances\/?p=200\" target=\"_blank\">Sous le soleil du D\u00e9sert<\/a><\/li>\n<\/ol>\n","protected":false},"excerpt":{"rendered":"<p>4\u00ba ESO Colaborador:\u00a0Pedro Ignacio Castillo Rivera Qu\u00e9bec, la belle province Nos anc\u00eatres les Gaulois Un pi\u00e8ge dangereux Quelle Tribu! Imaginons\u00a0l\u00b4avenir Toucher du Bois Voyage, voyage La Toile Mes Meilleurs Amis Sous le soleil du D\u00e9sert<\/p>\n","protected":false},"author":1,"featured_media":0,"parent":0,"menu_order":0,"comment_status":"open","ping_status":"open","template":"","meta":{"_monsterinsights_skip_tracking":false,"_monsterinsights_sitenote_active":false,"_monsterinsights_sitenote_note":"","_monsterinsights_sitenote_category":0,"footnotes":""},"class_list":["post-10","page","type-page","status-publish","hentry"],"_links":{"self":[{"href":"https:\/\/facilitamos.catedu.es\/secundariafrances\/wp-json\/wp\/v2\/pages\/10","targetHints":{"allow":["GET"]}}],"collection":[{"href":"https:\/\/facilitamos.catedu.es\/secundariafrances\/wp-json\/wp\/v2\/pages"}],"about":[{"href":"https:\/\/facilitamos.catedu.es\/secundariafrances\/wp-json\/wp\/v2\/types\/page"}],"author":[{"embeddable":true,"href":"https:\/\/facilitamos.catedu.es\/secundariafrances\/wp-json\/wp\/v2\/users\/1"}],"replies":[{"embeddable":true,"href":"https:\/\/facilitamos.catedu.es\/secundariafrances\/wp-json\/wp\/v2\/comments?post=10"}],"version-history":[{"count":14,"href":"https:\/\/facilitamos.catedu.es\/secundariafrances\/wp-json\/wp\/v2\/pages\/10\/revisions"}],"predecessor-version":[{"id":226,"href":"https:\/\/facilitamos.catedu.es\/secundariafrances\/wp-json\/wp\/v2\/pages\/10\/revisions\/226"}],"wp:attachment":[{"href":"https:\/\/facilitamos.catedu.es\/secundariafrances\/wp-json\/wp\/v2\/media?parent=10"}],"curies":[{"name":"wp","href":"https:\/\/api.w.org\/{rel}","templated":true}]}}